27?
327
Calculate the highest common factor of 12 and 4487226.
6
What is the highest common divisor of 1331977 and 3193?
31
Calculate the highest common factor of 101171 and 815188.
97
What is the highest common factor of 154 and 127862546?
14
What is the highest common factor of 51 and 7359691?
17
Calculate the highest common divisor of 630 and 12034260.
630
What is the highest common factor of 3253102176 and 1824?
1824
What is the highest common divisor of 733650 and 8440260?
2190
What is the greatest common factor of 922 and 1135593747?
461
Calculate the greatest common factor of 7330884 and 3116.
76
Calculate the greatest common factor of 6859 and 49839299.
361
What is the highest common divisor of 179496 and 4239?
27
What is the greatest common factor of 2681 and 1574513?
383
What is the greatest common divisor of 102535576 and 520?
104
What is the highest common factor of 4540377 and 4998?
51
What is the highest common divisor of 14173228 and 77836?
7076
Calculate the highest common factor of 338335 and 9275120.
2155
What is the greatest common divisor of 32015049 and 5588?
1397
Calculate the greatest common divisor of 2085120 and 5068.
724
Calculate the greatest common factor of 101077236 and 234.
234
What is the greatest common divisor of 3340 and 1902965?
835
Calculate the greatest common divisor of 313511125 and 625.
125
Calculate the highest common factor of 108468 and 286074.
414
What is the highest common divisor of 1484 and 398063708?
1484
Calculate the greatest common divisor of 217 and 10289179.
31
Calculate the highest common factor of 1895 and 37117365.
1895
What is the highest common divisor of 1447226 and 2198?
314
What is the highest common factor of 9841286 and 114218?
598
Calculate the greatest common factor of 87003 and 6111.
63
What is the greatest common factor of 1944 and 1211238?
18
Calculate the greatest common factor of 5742385 and 2040320.
3985
What is the highest common divisor of 269261030 and 14480?
1810
Calculate the highest common factor of 747050 and 1604650.
3350
Calculate the greatest common divisor of 1630848 and 160.
32
Calculate the greatest common factor of 12198 and 738492.
114
Calculate the greatest common divisor of 1368 and 94848.
456
Calculate the highest common factor of 282 and 32085396.
282
Calculate the highest common factor of 4214613 and 4823.
689
What is the greatest common divisor of 736 and 1545344?
32
Calculate the greatest common factor of 4964 and 4894139.
73
Calculate the highest common divisor of 1394337 and 1513932.
1407
What is the highest common divisor of 36 and 2221932?
12
What is the greatest common factor of 363257229 and 1491?
213
What is the highest common divisor of 8788152 and 744?
24
Calculate the highest common factor of 59639488 and 448.
64
What is the highest common factor of 25311413 and 354?
59
What is the highest common divisor of 11460 and 33097435?
955
What is the greatest common divisor of 12840 and 3614160?
120
Calculate the greatest common divisor of 234224 and 7632.
16
What is the greatest common divisor of 16520 and 164024?
56
Calculate the greatest common divisor of 3486 and 14543426.
166
What is the highest common factor of 20163984 and 63228?
5748
What is the greatest common divisor of 1734 and 47406693?
867
What is the greatest common factor of 24988986 and 162?
162
Calculate the highest common factor of 2679 and 2418432.
141
Calculate the highest common divisor of 206 and 92000218.
206
Calculate the highest common factor of 13473180 and 550116.
9324
What is the greatest common divisor of 182 and 133857360?
182
Calculate the highest common factor of 1373958390 and 1270.
1270
Calculate the highest common divisor of 4758363167 and 971.
971
Calculate the highest common factor of 12483 and 2414767.
1387
What is the greatest common factor of 6319 and 40470?
71
Calculate the highest common factor of 114 and 8048826.
6
What is the greatest common factor of 5403 and 3402089?
1801
What is the greatest common divisor of 89 and 262126?
1
What is the highest common factor of 403 and 5260814?
13
Calculate the greatest common divisor of 22675702 and 2394.
266
Calculate the greatest common divisor of 20 and 16176696.
4
Calculate the highest common factor of 2344016 and 283456.
688
What is the highest common divisor of 7902867 and 693?
21
Calculate the highest common factor of 81059 and 91884061.
7369
What is the highest common factor of 9969 and 298448599?
3323
What is the highest common divisor of 3196818 and 17046?
18
What is the greatest common factor of 154 and 89556208?
14
Calculate the greatest common divisor of 22631750 and 250.
250
What is the highest common divisor of 117441499 and 1941?
647
What is the highest common factor of 27666 and 1220378?
3074
Calculate the greatest common divisor of 9800 and 42006475.
1225
What is the greatest common divisor of 6039 and 7090182?
99
Calculate the highest common divisor of 3492669 and 158.
79
What is the highest common factor of 13776 and 343966056?
6888
What is the highest common divisor of 3724 and 2117507?
7
What is the highest common divisor of 2515481 and 249?
83
What is the greatest common factor of 18418215 and 105?
15
What is the greatest common factor of 2469182 and 578?
34
What is the greatest common factor of 871388696 and 283?
283
Calculate the greatest common divisor of 93929925 and 105.
15
Calculate the greatest common factor of 144 and 547248720.
48
What is the highest common factor of 481312 and 234?
26
Calculate the greatest common factor of 2212 and 773812268.
316
What is the highest common factor of 4081 and 2503879?
371
Calculate the greatest common divisor of 13914277 and 118079.
3809
Calculate the greatest common factor of 49 and 12879076.
7
Calculate the highest common divisor of 3158771 and 1925.
77
Calculate the highest common factor of 210360120 and 22061.
1697
Calculate the greatest common divisor of 9951073 and 671.
11
Calculate the highest common divisor of 878086 and 682.
22
Calculate the highest common divisor of 17490 and 2037090.
330
Calculate the highest common divisor of 53909822 and 238.
34
What is the greatest common factor of 79610 and 42655?
95
Calculate the highest common divisor of 121672116 and 1656.
828
What is the highest common divisor of 392 and 18087860?
196
What is the greatest common divisor of 55 and 9936740?
55
Calculate the greatest common divisor of 29353 and 685102.
149
Calculate the highest common factor of 388 and 87901982.
194
What is the highest common factor of 792437 and 894627?
929
Calculate the greatest common divisor of 41921 and 232397.
407
What is the greatest common divisor of 206 and 182472946?
206
Calculate the greatest common divisor of 43276 and 48236.
124
Calculate the greatest common divisor of 473209386 and 65.
13
Calculate the greatest common divisor of 8477 and 3395.
7
Calculate the greatest common divisor of 115 and 37760618.
23
Calculate the greatest common factor of 742 and 338988.
106
What is the greatest common divisor of 966189238 and 14?
14
Calculate the greatest common factor of 5428 and 63432965.
1357
Calculate the highest common divisor of 3524933 and 5491.
289
Calculate the highest common factor of 17276 and 5733924.
28
What is the highest common divisor of 18397072 and 32?
16
What is the highest common factor of 5860 and 2255754260?
5860
What is the greatest common factor of 306900 and 12282600?
3300
What is the greatest common divisor of 6048 and 3715362?
378
Calculate the highest common factor of 94038254 and 17.
17
Calculate the highest common factor of 38347 and 21.
1
What is the greatest common factor of 115 and 39441665?
115
What is the greatest common divisor of 435984 and 202926?
186
What is the highest common factor of 10054318 and 32?
2
What is the highest common divisor of 7372 and 14564356?
388
What is the highest common divisor of 85050 and 228690?
1890
What is the highest common factor of 110640 and 84120?
120
What is the highest common factor of 65461494 and 29190?
5838
What is the greatest common divisor of 247 and 35218571?
19
Calculate the highest common factor of 305 and 13473680.
305
What is the highest common divisor of 136 and 3208733?
17
What is the highest common factor of 1408874388 and 34?
34
What is the